{"id":37,"date":"2020-09-05T13:46:27","date_gmt":"2020-09-05T11:46:27","guid":{"rendered":"http:\/\/localhost\/word\/wordpress\/?page_id=37"},"modified":"2020-09-06T17:27:03","modified_gmt":"2020-09-06T15:27:03","slug":"qui-sommes-nous","status":"publish","type":"page","link":"https:\/\/www.bouadjenak.com\/?page_id=37","title":{"rendered":"Qui sommes nous"},"content":{"rendered":"\n<h5>Bienvenue \u00e0<em> <strong>ETH Bouadjenak<\/strong><\/em><\/h5>\n\n\n\n<p><\/p>\n\n\n\n<div class=\"wp-block-columns\">\n<div class=\"wp-block-column\">\n<p>        <\/p>\n\n\n\n<div style=\"height:26px\" aria-hidden=\"true\" class=\"wp-block-spacer\"><\/div>\n\n\n\n<p> Nous sommes une entreprise sp\u00e9cialis\u00e9e dans le Domaine de l\u2019Hydraulique. Plus pr\u00e9cis\u00e9ment dans L\u2019Etude, Gestion et La R\u00e9alisation de R\u00e9servoirs, Ch\u00e2teaux d\u2019eau, Adduction et Assainissement<\/p>\n\n\n\n<div style=\"height:42px\" aria-hidden=\"true\" class=\"wp-block-spacer\"><\/div>\n<\/div>\n\n\n\n<div class=\"wp-block-column is-vertically-aligned-top\">\n<div class=\"wp-block-responsive-lightbox-gallery\"><div class=\"rl-gallery-container rl-loading\" id=\"rl-gallery-container-1\" data-gallery_id=\"194\"> <ul class=\"rl-gallery rl-basicslider-gallery \" id=\"rl-gallery-1\" data-gallery_no=\"1\"> <li class=\"rl-gallery-item\"><a href=\"https:\/\/www.bouadjenak.com\/wp-content\/uploads\/2020\/09\/1.jpg\" title=\"\" data-rl_title=\"\" class=\"rl-gallery-link\" data-rl_caption=\"\" data-rel=\"lightbox-gallery-1\"><img src=\"https:\/\/www.bouadjenak.com\/wp-content\/uploads\/2020\/09\/1.jpg\" width=\"1190\" height=\"374\" alt=\"\"\/><\/a><\/li><li class=\"rl-gallery-item\"><a href=\"https:\/\/www.bouadjenak.com\/wp-content\/uploads\/2020\/09\/294-7d1df2f525-9d8b4e9ef73f296de7add8293fa8773e-1.jpg\" title=\"\" data-rl_title=\"\" class=\"rl-gallery-link\" data-rl_caption=\"\" data-rel=\"lightbox-gallery-1\"><img src=\"https:\/\/www.bouadjenak.com\/wp-content\/uploads\/2020\/09\/294-7d1df2f525-9d8b4e9ef73f296de7add8293fa8773e-1.jpg\" width=\"1190\" height=\"374\" alt=\"\"\/><\/a><\/li> <\/ul> <\/div><\/div>\n\n\n\n<p><\/p>\n<\/div>\n<\/div>\n\n\n\n<p><\/p>\n","protected":false},"excerpt":{"rendered":"<p>Bienvenue \u00e0 ETH Bouadjenak Nous sommes une entreprise sp\u00e9cialis\u00e9e dans le Domaine de l\u2019Hydraulique. Plus pr\u00e9cis\u00e9ment dans L\u2019Etude, Gestion et La R\u00e9alisation de R\u00e9servoirs, Ch\u00e2teaux d\u2019eau, Adduction et Assainissement<\/p>\n","protected":false},"author":1,"featured_media":0,"parent":0,"menu_order":0,"comment_status":"closed","ping_status":"closed","template":"","meta":[],"_links":{"self":[{"href":"https:\/\/www.bouadjenak.com\/index.php?rest_route=\/wp\/v2\/pages\/37"}],"collection":[{"href":"https:\/\/www.bouadjenak.com\/index.php?rest_route=\/wp\/v2\/pages"}],"about":[{"href":"https:\/\/www.bouadjenak.com\/index.php?rest_route=\/wp\/v2\/types\/page"}],"author":[{"embeddable":true,"href":"https:\/\/www.bouadjenak.com\/index.php?rest_route=\/wp\/v2\/users\/1"}],"replies":[{"embeddable":true,"href":"https:\/\/www.bouadjenak.com\/index.php?rest_route=%2Fwp%2Fv2%2Fcomments&post=37"}],"version-history":[{"count":10,"href":"https:\/\/www.bouadjenak.com\/index.php?rest_route=\/wp\/v2\/pages\/37\/revisions"}],"predecessor-version":[{"id":198,"href":"https:\/\/www.bouadjenak.com\/index.php?rest_route=\/wp\/v2\/pages\/37\/revisions\/198"}],"wp:attachment":[{"href":"https:\/\/www.bouadjenak.com\/index.php?rest_route=%2Fwp%2Fv2%2Fmedia&parent=37"}],"curies":[{"name":"wp","href":"https:\/\/api.w.org\/{rel}","templated":true}]}}